{"id":7547,"date":"2024-05-02T12:29:33","date_gmt":"2024-05-02T10:29:33","guid":{"rendered":"https:\/\/churchtools.academy\/?post_type=docs&#038;p=7547"},"modified":"2025-08-25T07:25:35","modified_gmt":"2025-08-25T06:25:35","password":"","slug":"17-wie-kann-ich-den-termin-titel-eines-eventtermins-automatisch-erganzen-lassen","status":"publish","type":"docs","link":"https:\/\/churchtools.academy\/de\/help\/churchtools-module\/termine-erstellen\/17-wie-kann-ich-den-termin-titel-eines-eventtermins-automatisch-erganzen-lassen\/","title":{"rendered":"Wie kann ich den Termin-Titel eines Eventtermins automatisch erg\u00e4nzen lassen?"},"content":{"rendered":"\n<p>Ist ein Kalendertermin mit einem Event verkn\u00fcpft, f\u00fcr das Personen zu einem Dienst eingeteilt sind, bietet dir ChurchTools die M\u00f6glichkeit, im Kalender zu diesem Termin eine <em>Erg\u00e4nzung f\u00fcr den Termin-Titel<\/em> anzeigen zu lassen. Diese Erg\u00e4nzung wird dann f\u00fcr jede Person, die im Dienstplan eines Events f\u00fcr diesen Dienst eingetragen ist, an den Titel des zugeh\u00f6rigen Termins geh\u00e4ngt. M\u00f6chtest du also zum Beispiel zum Gottesdienst immer den aktuellen Prediger anzeigen lassen, kannst du im Modul Events einstellen, dass das automatisch passiert.<\/p>\n\n\n\n<h2 class=\"wp-block-heading\">1. Dienste im Events-Modul aufrufen<\/h2>\n\n\n\n<p>\u00d6ffne im Event-Modul die Stammdaten und hier die Dienste.<\/p>\n\n\n\n<figure class=\"wp-block-image\"><img fetchpriority=\"high\" decoding=\"async\" width=\"640\" height=\"154\" src=\"https:\/\/churchtools.academy\/wp-content\/uploads\/2024\/05\/image-3.png\" alt=\"\" class=\"wp-image-7965\" srcset=\"https:\/\/churchtools.academy\/wp-content\/uploads\/2024\/05\/image-3.png 640w, https:\/\/churchtools.academy\/wp-content\/uploads\/2024\/05\/image-3-300x72.png 300w, https:\/\/churchtools.academy\/wp-content\/uploads\/2024\/05\/image-3-360x87.png 360w\" sizes=\"(max-width: 640px) 100vw, 640px\" \/><\/figure>\n\n\n\n<h2 class=\"wp-block-heading\">2. Diensteinstellungen aufrufen<\/h2>\n\n\n\n<p>Klick den Dienst an, den die Erg\u00e4nzung f\u00fcr den Termin-Titel betrifft. Es \u00f6ffnet sich das Bearbeitungsfenster f\u00fcr diesen Dienst.<\/p>\n\n\n\n<h2 class=\"wp-block-heading\">3. Erg\u00e4nzung f\u00fcr Termin-Titel bearbeiten<\/h2>\n\n\n\n<figure class=\"wp-block-image\"><img decoding=\"async\" width=\"640\" height=\"367\" src=\"https:\/\/churchtools.academy\/wp-content\/uploads\/2024\/05\/image-4.png\" alt=\"\" class=\"wp-image-7967\" srcset=\"https:\/\/churchtools.academy\/wp-content\/uploads\/2024\/05\/image-4.png 640w, https:\/\/churchtools.academy\/wp-content\/uploads\/2024\/05\/image-4-300x172.png 300w, https:\/\/churchtools.academy\/wp-content\/uploads\/2024\/05\/image-4-360x206.png 360w\" sizes=\"(max-width: 640px) 100vw, 640px\" \/><\/figure>\n\n\n\n<p>Du kannst folgende Platzhalter als Erg\u00e4nzung verwenden:<\/p>\n\n\n\n<ul class=\"wp-block-list\">\n<li>[Vorname]<\/li>\n\n\n\n<li>[Nachname]<\/li>\n\n\n\n<li>[Nachname.1] (das ist der abgek\u00fcrzte Nachname, z. B. M.)<\/li>\n\n\n\n<li>[Spitzname]<\/li>\n\n\n\n<li>[Titel]<\/li>\n\n\n\n<li>[Benutzername]<\/li>\n\n\n\n<li>[ID]<\/li>\n<\/ul>\n\n\n\n<p>Die Erg\u00e4nzung &#8222;mit [Vorname] [Nachname.1]&#8220; wird dann im Kalender im Termin-Titel so angezeigt:<\/p>\n\n\n\n<figure class=\"wp-block-image\"><img decoding=\"async\" width=\"382\" height=\"275\" src=\"https:\/\/churchtools.academy\/wp-content\/uploads\/2024\/05\/image-5.png\" alt=\"\" class=\"wp-image-7969\" srcset=\"https:\/\/churchtools.academy\/wp-content\/uploads\/2024\/05\/image-5.png 382w, https:\/\/churchtools.academy\/wp-content\/uploads\/2024\/05\/image-5-300x216.png 300w, https:\/\/churchtools.academy\/wp-content\/uploads\/2024\/05\/image-5-360x259.png 360w\" sizes=\"(max-width: 382px) 100vw, 382px\" \/><\/figure>\n\n\n\n<aside class=\"wp-block-group ct-artikel-zum-weiterlesen has-background is-layout-constrained wp-container-core-group-is-layout-89fd719a wp-block-group-is-layout-constrained\" style=\"border-radius:8px;background-color:#f9fafb;margin-top:24px;margin-bottom:24px;padding-top:32px;padding-right:24px;padding-bottom:32px;padding-left:24px\">\n<h4 class=\"wp-block-heading has-medium-font-size\">Artikel zum Weiterlesen<\/h4>\n\n\n\n<ul class=\"wp-block-list\">\n<li><a href=\"https:\/\/churchtools.academy\/de\/help\/churchtools-module\/events-planen\/0-event\/\" data-type=\"docs\" data-id=\"7335\">Event erstellen<\/a><\/li>\n\n\n\n<li><a href=\"https:\/\/churchtools.academy\/de\/help\/churchtools-module\/verwalten-events\/40-wie-lege-ich-einen-dienst-an\/\" data-type=\"docs\" data-id=\"7139\">Wie lege ich einen Dienst an?<\/a><\/li>\n\n\n\n<li><a href=\"https:\/\/churchtools.academy\/de\/help\/verwaltung\/platzhalter\/35-platzhalter\/\" data-type=\"docs\" data-id=\"7644\">\u00dcberblick Platzhalter<\/a><\/li>\n<\/ul>\n<\/aside>\n","protected":false},"excerpt":{"rendered":"<p>Ist ein Kalendertermin mit einem Event verkn\u00fcpft, f\u00fcr das Personen zu einem Dienst eingeteilt sind, bietet dir ChurchTools die M\u00f6glichkeit, im Kalender zu diesem Termin eine Erg\u00e4nzung f\u00fcr den Termin-Titel anzeigen zu lassen. Diese Erg\u00e4nzung wird dann f\u00fcr jede Person, die im Dienstplan eines Events f\u00fcr diesen Dienst eingetragen ist, an den Titel des zugeh\u00f6rigen [&hellip;]<\/p>\n","protected":false},"author":6,"featured_media":0,"comment_status":"closed","ping_status":"closed","template":"","meta":{"_acf_changed":false,"footnotes":""},"doc_category":[276],"doc_tag":[],"knowledge_base":[172],"class_list":["post-7547","docs","type-docs","status-publish","hentry","doc_category-termine-erstellen","knowledge_base-churchtools-module"],"pp_statuses_selecting_workflow":false,"pp_workflow_action":"current","pp_status_selection":"publish","acf":[],"year_month":"2026-04","word_count":185,"total_views":"2898","reactions":{"happy":"1","normal":"0","sad":"1"},"author_info":{"name":"Jasper Stehmeier","author_nicename":"jstehmeier","author_url":"https:\/\/churchtools.academy\/de\/author\/jstehmeier\/"},"doc_category_info":[{"term_name":"Termine erstellen","term_url":"https:\/\/churchtools.academy\/de\/help\/churchtools-module\/termine-erstellen\/"}],"doc_tag_info":[],"knowledge_base_info":[{"term_name":"Module","term_url":"https:\/\/churchtools.academy\/de\/help\/churchtools-module\/","term_slug":"churchtools-module"}],"knowledge_base_slug":["churchtools-module"],"_links":{"self":[{"href":"https:\/\/churchtools.academy\/de\/wp-json\/wp\/v2\/docs\/7547","targetHints":{"allow":["GET"]}}],"collection":[{"href":"https:\/\/churchtools.academy\/de\/wp-json\/wp\/v2\/docs"}],"about":[{"href":"https:\/\/churchtools.academy\/de\/wp-json\/wp\/v2\/types\/docs"}],"author":[{"embeddable":true,"href":"https:\/\/churchtools.academy\/de\/wp-json\/wp\/v2\/users\/6"}],"replies":[{"embeddable":true,"href":"https:\/\/churchtools.academy\/de\/wp-json\/wp\/v2\/comments?post=7547"}],"version-history":[{"count":5,"href":"https:\/\/churchtools.academy\/de\/wp-json\/wp\/v2\/docs\/7547\/revisions"}],"predecessor-version":[{"id":38702,"href":"https:\/\/churchtools.academy\/de\/wp-json\/wp\/v2\/docs\/7547\/revisions\/38702"}],"wp:attachment":[{"href":"https:\/\/churchtools.academy\/de\/wp-json\/wp\/v2\/media?parent=7547"}],"wp:term":[{"taxonomy":"doc_category","embeddable":true,"href":"https:\/\/churchtools.academy\/de\/wp-json\/wp\/v2\/doc_category?post=7547"},{"taxonomy":"doc_tag","embeddable":true,"href":"https:\/\/churchtools.academy\/de\/wp-json\/wp\/v2\/doc_tag?post=7547"},{"taxonomy":"knowledge_base","embeddable":true,"href":"https:\/\/churchtools.academy\/de\/wp-json\/wp\/v2\/knowledge_base?post=7547"}],"curies":[{"name":"wp","href":"https:\/\/api.w.org\/{rel}","templated":true}]}}

Wie kann ich den Termin-Titel eines Eventtermins automatisch ergänzen lassen?

<p>Ist ein Kalendertermin mit einem Event verknüpft, für das Personen zu einem Dienst eingeteilt sind, bietet dir ChurchTools die Möglichkeit, im Kalender zu diesem Termin eine <em>Ergänzung für den Termin-Titel</em> anzeigen zu lassen. Diese Ergänzung wird dann für jede Person, die im Dienstplan eines Events für diesen Dienst eingetragen ist, an den Titel des zugehörigen Termins gehängt. Möchtest du also zum Beispiel zum Gottesdienst immer den aktuellen Prediger anzeigen lassen, kannst du im Modul Events einstellen, dass das automatisch passiert.</p>



<h2 class="wp-block-heading">1. Dienste im Events-Modul aufrufen</h2>



<p>Öffne im Event-Modul die Stammdaten und hier die Dienste.</p>



<figure class="wp-block-image"><img fetchpriority="high" decoding="async" width="640" height="154" src="https://churchtools.academy/wp-content/uploads/2024/05/image-3.png" alt="" class="wp-image-7965" srcset="https://churchtools.academy/wp-content/uploads/2024/05/image-3.png 640w, https://churchtools.academy/wp-content/uploads/2024/05/image-3-300x72.png 300w, https://churchtools.academy/wp-content/uploads/2024/05/image-3-360x87.png 360w" sizes="(max-width: 640px) 100vw, 640px" /></figure>



<h2 class="wp-block-heading">2. Diensteinstellungen aufrufen</h2>



<p>Klick den Dienst an, den die Ergänzung für den Termin-Titel betrifft. Es öffnet sich das Bearbeitungsfenster für diesen Dienst.</p>



<h2 class="wp-block-heading">3. Ergänzung für Termin-Titel bearbeiten</h2>



<figure class="wp-block-image"><img decoding="async" width="640" height="367" src="https://churchtools.academy/wp-content/uploads/2024/05/image-4.png" alt="" class="wp-image-7967" srcset="https://churchtools.academy/wp-content/uploads/2024/05/image-4.png 640w, https://churchtools.academy/wp-content/uploads/2024/05/image-4-300x172.png 300w, https://churchtools.academy/wp-content/uploads/2024/05/image-4-360x206.png 360w" sizes="(max-width: 640px) 100vw, 640px" /></figure>



<p>Du kannst folgende Platzhalter als Ergänzung verwenden:</p>



<ul class="wp-block-list">
<li>[Vorname]</li>



<li>[Nachname]</li>



<li>[Nachname.1] (das ist der abgekürzte Nachname, z. B. M.)</li>



<li>[Spitzname]</li>



<li>[Titel]</li>



<li>[Benutzername]</li>



<li>[ID]</li>
</ul>



<p>Die Ergänzung &#8222;mit [Vorname] [Nachname.1]&#8220; wird dann im Kalender im Termin-Titel so angezeigt:</p>



<figure class="wp-block-image"><img decoding="async" width="382" height="275" src="https://churchtools.academy/wp-content/uploads/2024/05/image-5.png" alt="" class="wp-image-7969" srcset="https://churchtools.academy/wp-content/uploads/2024/05/image-5.png 382w, https://churchtools.academy/wp-content/uploads/2024/05/image-5-300x216.png 300w, https://churchtools.academy/wp-content/uploads/2024/05/image-5-360x259.png 360w" sizes="(max-width: 382px) 100vw, 382px" /></figure>



<aside class="wp-block-group ct-artikel-zum-weiterlesen has-background is-layout-constrained wp-container-core-group-is-layout-89fd719a wp-block-group-is-layout-constrained" style="border-radius:8px;background-color:#f9fafb;margin-top:24px;margin-bottom:24px;padding-top:32px;padding-right:24px;padding-bottom:32px;padding-left:24px">
<h4 class="wp-block-heading has-medium-font-size">Artikel zum Weiterlesen</h4>



<ul class="wp-block-list">
<li><a href="https://churchtools.academy/de/help/churchtools-module/events-planen/0-event/" data-type="docs" data-id="7335">Event erstellen</a></li>



<li><a href="https://churchtools.academy/de/help/churchtools-module/verwalten-events/40-wie-lege-ich-einen-dienst-an/" data-type="docs" data-id="7139">Wie lege ich einen Dienst an?</a></li>



<li><a href="https://churchtools.academy/de/help/verwaltung/platzhalter/35-platzhalter/" data-type="docs" data-id="7644">Überblick Platzhalter</a></li>
</ul>
</aside>

<p>Ist ein Kalendertermin mit einem Event verknüpft, für das Personen zu einem Dienst eingeteilt sind, bietet dir ChurchTools die Möglichkeit, im Kalender zu diesem Termin eine Ergänzung für den Termin-Titel anzeigen zu lassen. Diese Ergänzung wird dann für jede Person, die im Dienstplan eines Events für diesen Dienst eingetragen ist, an den Titel des zugehörigen [&hellip;]</p>
