{"id":7120,"date":"2023-06-23T09:56:23","date_gmt":"2023-06-23T07:56:23","guid":{"rendered":"https:\/\/churchtools.academy\/?post_type=docs&#038;p=7120"},"modified":"2025-04-11T10:45:26","modified_gmt":"2025-04-11T09:45:26","password":"","slug":"5-gottesdienste-veroffentlichen","status":"publish","type":"docs","link":"https:\/\/churchtools.academy\/de\/help\/verwaltung\/erste-schritte\/5-gottesdienste-veroffentlichen\/","title":{"rendered":"Gottesdienste ver\u00f6ffentlichen"},"content":{"rendered":"\n<p>Mit Gemeindekalendern kannst Du \u00f6ffentliche oder interne Termine verwalten. Damit ist jedes Kirchenmitglied immer auf dem aktuellen Stand. Informationen \u00fcber Ort, Tag und Zeit sowie Anmerkungen werden im Kalender angezeigt. Damit sind die wichtigsten Informationen sichtbar und es <strong>gibt keine Missverst\u00e4ndnisse<\/strong>.<\/p>\n\n\n\n<p>Gemeindekalender ist einer von drei Kalender-Typen in ChurchTools. Der prim\u00e4re Verwendungszweck ist f\u00fcr die allgemeine Gemeindearbeit. Diese kann von <strong>\u00f6ffentlichen Terminen<\/strong>, wie dem sonnt\u00e4glichen Gottesdienst, bis zur <strong>internen Organisation und Planung<\/strong> reichen.<\/p>\n\n\n\n<aside class=\"wp-block-group ct-box ct-box-blue has-background is-vertical is-layout-flex wp-container-core-group-is-layout-002f1c27 wp-block-group-is-layout-flex\" style=\"border-radius:8px;border-left-color:#22c55e;border-left-width:0.5rem;background-color:#dcfce7;margin-top:var(--wp--preset--spacing--60);margin-bottom:var(--wp--preset--spacing--60)\">\n<p style=\"margin-top:0.5rem;margin-right:0.5rem;margin-bottom:0rem;margin-left:0.5rem\"><strong>Tipp<\/strong><\/p>\n\n\n\n<p style=\"margin-top:0rem;margin-right:0.5rem;margin-bottom:0.5rem;margin-left:0.5rem\">Verwende Gemeindekalender f\u00fcr Termine, die \u00f6ffentlich sind und geteilt werden d\u00fcrfen z.\u00a0B. Gottesdienste oder Jugendstunden. Diese k\u00f6nnen dann auf der eigenen Webseite angezeigt werden.<br>Der Gemeindekalender stellt alle Kalender zusammen, die f\u00fcr die gesamte Gemeinde relevant sind. Je nach Berechtigung kannst du hier auch Ressourcen ausw\u00e4hlen und im Kalender sichtbar machen.<\/p>\n<\/aside>\n\n\n\n<h2 class=\"wp-block-heading\">Anleitung<\/h2>\n\n\n\n<p>Gottesdienste im Kalender anzulegen, ist der erste und einfachste Schritt, um mit dem Kalender-Modul zu starten. Dazu brauchst du keine Voreinstellungen oder weitere Personen in ChurchTools. Als Admin kannst du das sofort tun.<\/p>\n\n\n\n<ol class=\"wp-block-list\">\n<li>Lege einen Gemeindekalender \u201eGottesdienste\u201c an, falls nicht vorhanden.<\/li>\n\n\n\n<li>Lege einen Termin am n\u00e4chsten Sonntag an.<\/li>\n\n\n\n<li>Lege im Termin-Dialog einen Serientermin (Wiederholung, w\u00f6chentlich) an, damit f\u00fcr jeden Sonntag ein neuer Termin angezeigt wird.<\/li>\n\n\n\n<li>(Optional) Buche direkt einen Raum (Ressourcen) mit.<\/li>\n\n\n\n<li>(Optional) Erstelle direkt Events f\u00fcr die Termine, so dass du sp\u00e4ter im Events-Modul die Diensteinteilung vornehmen kannst.<\/li>\n\n\n\n<li>Bette den Kalender auf eurer eigenen Homepage ein.<\/li>\n<\/ol>\n\n\n\n<h3 class=\"wp-block-heading\">Ressourcen<\/h3>\n\n\n\n<ul class=\"wp-block-list\">\n<li><a href=\"https:\/\/churchtools.academy\/help\/churchtools-module\/grundlagen-kalender\/17-uberblick-uber-das-kalendermodul\/\" data-type=\"docs\" data-id=\"7531\">Hilfe: Kalender<\/a><\/li>\n\n\n\n<li><a href=\"https:\/\/www.youtube.com\/watch?list=PLKkd9_EOcMn2nhaNkHN5ZDRD2A3MEKLeF&amp;v=GY63ujPzAbo&amp;feature=emb_title\">YouTube: Modul Kalender einrichten<\/a><\/li>\n\n\n\n<li><a href=\"https:\/\/www.youtube.com\/watch?v=ZOTYcN6VcVk\">YouTube: Kalender in die Gemeindehomepage einbetten<\/a><\/li>\n<\/ul>\n\n\n\n<h2 class=\"wp-block-heading\">M\u00f6glichkeiten<\/h2>\n\n\n\n<ul class=\"wp-block-list\">\n<li><a href=\"https:\/\/churchtools.academy\/help\/churchtools-module\/termine-erstellen\/17-wie-erstelle-ich-einen-termin-mit-event\/\" data-type=\"docs\" data-id=\"7540\">Events automatisch mit Terminen anlegen<\/a><\/li>\n\n\n\n<li><a href=\"https:\/\/churchtools.academy\/help\/churchtools-module\/termine-erstellen\/17-wie-erstelle-ich-einen-termin\/\" data-type=\"docs\" data-id=\"7510\">Serientermine nutzen, um wiederkehrende Veranstaltungen zu planen<\/a><\/li>\n\n\n\n<li><a href=\"https:\/\/churchtools.academy\/help\/churchtools-module\/termine-erstellen\/17-wie-erstelle-ich-einen-termin-mit-ressourcenbuchung\/\" data-type=\"docs\" data-id=\"7541\">Zu einem Termin R\u00e4ume dazu buchen<\/a><\/li>\n\n\n\n<li><a href=\"https:\/\/churchtools.academy\/help\/churchtools-module\/kalender-einbetten\/17-wie-bette-ich-den-kalender-in-einer-webseite-ein\/\" data-type=\"docs\" data-id=\"7535\">\u00d6ffentlichen Kalender einbetten<\/a><\/li>\n\n\n\n<li><a href=\"https:\/\/www.youtube.com\/watch?v=dUQvTwlQfHI\">YouTube: Gruppenkalender anlegen und nutzen<\/a><\/li>\n\n\n\n<li><a href=\"https:\/\/www.youtube.com\/watch?v=A83kUJ2rspI\">YouTube: Info-Screen einrichten<\/a><\/li>\n<\/ul>\n","protected":false},"excerpt":{"rendered":"<p>Mit Gemeindekalendern kannst Du \u00f6ffentliche oder interne Termine verwalten. Damit ist jedes Kirchenmitglied immer auf dem aktuellen Stand. Informationen \u00fcber Ort, Tag und Zeit sowie Anmerkungen werden im Kalender angezeigt. Damit sind die wichtigsten Informationen sichtbar und es gibt keine Missverst\u00e4ndnisse. Gemeindekalender ist einer von drei Kalender-Typen in ChurchTools. Der prim\u00e4re Verwendungszweck ist f\u00fcr die [&hellip;]<\/p>\n","protected":false},"author":7,"featured_media":0,"comment_status":"closed","ping_status":"closed","template":"","meta":{"_acf_changed":false,"footnotes":""},"doc_category":[345],"doc_tag":[268],"knowledge_base":[342],"class_list":["post-7120","docs","type-docs","status-publish","hentry","doc_category-erste-schritte","doc_tag-inhalt-veraltet","knowledge_base-verwaltung"],"pp_statuses_selecting_workflow":false,"pp_workflow_action":"current","pp_status_selection":"publish","acf":[],"year_month":"2026-04","word_count":225,"total_views":"2330","reactions":{"happy":"0","normal":"0","sad":"0"},"author_info":{"name":"Victoria Weidemann","author_nicename":"vweidemann","author_url":"https:\/\/churchtools.academy\/de\/author\/vweidemann\/"},"doc_category_info":[{"term_name":"Erste Schritte","term_url":"https:\/\/churchtools.academy\/de\/help\/churchtools-module\/erste-schritte\/"}],"doc_tag_info":[{"term_name":"Inhalt veraltet","term_url":"https:\/\/churchtools.academy\/docs-tag\/inhalt-veraltet\/"}],"knowledge_base_info":[{"term_name":"Verwaltung","term_url":"https:\/\/churchtools.academy\/de\/help\/verwaltung\/","term_slug":"verwaltung"}],"knowledge_base_slug":["verwaltung"],"_links":{"self":[{"href":"https:\/\/churchtools.academy\/de\/wp-json\/wp\/v2\/docs\/7120","targetHints":{"allow":["GET"]}}],"collection":[{"href":"https:\/\/churchtools.academy\/de\/wp-json\/wp\/v2\/docs"}],"about":[{"href":"https:\/\/churchtools.academy\/de\/wp-json\/wp\/v2\/types\/docs"}],"author":[{"embeddable":true,"href":"https:\/\/churchtools.academy\/de\/wp-json\/wp\/v2\/users\/7"}],"replies":[{"embeddable":true,"href":"https:\/\/churchtools.academy\/de\/wp-json\/wp\/v2\/comments?post=7120"}],"version-history":[{"count":3,"href":"https:\/\/churchtools.academy\/de\/wp-json\/wp\/v2\/docs\/7120\/revisions"}],"predecessor-version":[{"id":12069,"href":"https:\/\/churchtools.academy\/de\/wp-json\/wp\/v2\/docs\/7120\/revisions\/12069"}],"wp:attachment":[{"href":"https:\/\/churchtools.academy\/de\/wp-json\/wp\/v2\/media?parent=7120"}],"wp:term":[{"taxonomy":"doc_category","embeddable":true,"href":"https:\/\/churchtools.academy\/de\/wp-json\/wp\/v2\/doc_category?post=7120"},{"taxonomy":"doc_tag","embeddable":true,"href":"https:\/\/churchtools.academy\/de\/wp-json\/wp\/v2\/doc_tag?post=7120"},{"taxonomy":"knowledge_base","embeddable":true,"href":"https:\/\/churchtools.academy\/de\/wp-json\/wp\/v2\/knowledge_base?post=7120"}],"curies":[{"name":"wp","href":"https:\/\/api.w.org\/{rel}","templated":true}]}}

Gottesdienste veröffentlichen

<p>Mit Gemeindekalendern kannst Du öffentliche oder interne Termine verwalten. Damit ist jedes Kirchenmitglied immer auf dem aktuellen Stand. Informationen über Ort, Tag und Zeit sowie Anmerkungen werden im Kalender angezeigt. Damit sind die wichtigsten Informationen sichtbar und es <strong>gibt keine Missverständnisse</strong>.</p>



<p>Gemeindekalender ist einer von drei Kalender-Typen in ChurchTools. Der primäre Verwendungszweck ist für die allgemeine Gemeindearbeit. Diese kann von <strong>öffentlichen Terminen</strong>, wie dem sonntäglichen Gottesdienst, bis zur <strong>internen Organisation und Planung</strong> reichen.</p>



<aside class="wp-block-group ct-box ct-box-blue has-background is-vertical is-layout-flex wp-container-core-group-is-layout-002f1c27 wp-block-group-is-layout-flex" style="border-radius:8px;border-left-color:#22c55e;border-left-width:0.5rem;background-color:#dcfce7;margin-top:var(--wp--preset--spacing--60);margin-bottom:var(--wp--preset--spacing--60)">
<p style="margin-top:0.5rem;margin-right:0.5rem;margin-bottom:0rem;margin-left:0.5rem"><strong>Tipp</strong></p>



<p style="margin-top:0rem;margin-right:0.5rem;margin-bottom:0.5rem;margin-left:0.5rem">Verwende Gemeindekalender für Termine, die öffentlich sind und geteilt werden dürfen z. B. Gottesdienste oder Jugendstunden. Diese können dann auf der eigenen Webseite angezeigt werden.<br>Der Gemeindekalender stellt alle Kalender zusammen, die für die gesamte Gemeinde relevant sind. Je nach Berechtigung kannst du hier auch Ressourcen auswählen und im Kalender sichtbar machen.</p>
</aside>



<h2 class="wp-block-heading">Anleitung</h2>



<p>Gottesdienste im Kalender anzulegen, ist der erste und einfachste Schritt, um mit dem Kalender-Modul zu starten. Dazu brauchst du keine Voreinstellungen oder weitere Personen in ChurchTools. Als Admin kannst du das sofort tun.</p>



<ol class="wp-block-list">
<li>Lege einen Gemeindekalender „Gottesdienste“ an, falls nicht vorhanden.</li>



<li>Lege einen Termin am nächsten Sonntag an.</li>



<li>Lege im Termin-Dialog einen Serientermin (Wiederholung, wöchentlich) an, damit für jeden Sonntag ein neuer Termin angezeigt wird.</li>



<li>(Optional) Buche direkt einen Raum (Ressourcen) mit.</li>



<li>(Optional) Erstelle direkt Events für die Termine, so dass du später im Events-Modul die Diensteinteilung vornehmen kannst.</li>



<li>Bette den Kalender auf eurer eigenen Homepage ein.</li>
</ol>



<h3 class="wp-block-heading">Ressourcen</h3>



<ul class="wp-block-list">
<li><a href="https://churchtools.academy/help/churchtools-module/grundlagen-kalender/17-uberblick-uber-das-kalendermodul/" data-type="docs" data-id="7531">Hilfe: Kalender</a></li>



<li><a href="https://www.youtube.com/watch?list=PLKkd9_EOcMn2nhaNkHN5ZDRD2A3MEKLeF&amp;v=GY63ujPzAbo&amp;feature=emb_title">YouTube: Modul Kalender einrichten</a></li>



<li><a href="https://www.youtube.com/watch?v=ZOTYcN6VcVk">YouTube: Kalender in die Gemeindehomepage einbetten</a></li>
</ul>



<h2 class="wp-block-heading">Möglichkeiten</h2>



<ul class="wp-block-list">
<li><a href="https://churchtools.academy/help/churchtools-module/termine-erstellen/17-wie-erstelle-ich-einen-termin-mit-event/" data-type="docs" data-id="7540">Events automatisch mit Terminen anlegen</a></li>



<li><a href="https://churchtools.academy/help/churchtools-module/termine-erstellen/17-wie-erstelle-ich-einen-termin/" data-type="docs" data-id="7510">Serientermine nutzen, um wiederkehrende Veranstaltungen zu planen</a></li>



<li><a href="https://churchtools.academy/help/churchtools-module/termine-erstellen/17-wie-erstelle-ich-einen-termin-mit-ressourcenbuchung/" data-type="docs" data-id="7541">Zu einem Termin Räume dazu buchen</a></li>



<li><a href="https://churchtools.academy/help/churchtools-module/kalender-einbetten/17-wie-bette-ich-den-kalender-in-einer-webseite-ein/" data-type="docs" data-id="7535">Öffentlichen Kalender einbetten</a></li>



<li><a href="https://www.youtube.com/watch?v=dUQvTwlQfHI">YouTube: Gruppenkalender anlegen und nutzen</a></li>



<li><a href="https://www.youtube.com/watch?v=A83kUJ2rspI">YouTube: Info-Screen einrichten</a></li>
</ul>

<p>Mit Gemeindekalendern kannst Du öffentliche oder interne Termine verwalten. Damit ist jedes Kirchenmitglied immer auf dem aktuellen Stand. Informationen über Ort, Tag und Zeit sowie Anmerkungen werden im Kalender angezeigt. Damit sind die wichtigsten Informationen sichtbar und es gibt keine Missverständnisse. Gemeindekalender ist einer von drei Kalender-Typen in ChurchTools. Der primäre Verwendungszweck ist für die [&hellip;]</p>
