{"id":41217,"date":"2025-12-16T10:55:43","date_gmt":"2025-12-16T09:55:43","guid":{"rendered":"https:\/\/churchtools.academy\/?post_type=docs&#038;p=41217"},"modified":"2025-12-16T10:55:46","modified_gmt":"2025-12-16T09:55:46","password":"","slug":"check-in-gruppentreffen-gruppenkalender-wo-liegt-der-unterschied","status":"publish","type":"docs","link":"https:\/\/churchtools.academy\/de\/help\/churchtools-module\/check-in\/check-in-gruppentreffen-gruppenkalender-wo-liegt-der-unterschied\/","title":{"rendered":"Check-in, Gruppentreffen, Gruppenkalender \u2013 Wo liegt der Unterschied?"},"content":{"rendered":"\n<p>Um mit dem Check-in fl\u00fcssig zu arbeiten und die M\u00f6glichkeiten des Moduls voll auszusch\u00f6pfen, ist es hilfreich, die Unterschiede zwischen dem Modul <strong>Check-in<\/strong>, den <strong>Gruppentreffen<\/strong> einzelner Gruppen und den <strong>Gruppenkalendern<\/strong> aus dem Kalendermodul zu kennen. Diesen Unterschied erkl\u00e4ren wir dir in diesem Artikel.<\/p>\n\n\n\n<h2 class=\"wp-block-heading\">Gruppenkalender<\/h2>\n\n\n\n<p>Gruppenkalender erstellst du im <strong>Kalendermodul<\/strong>. Mit diesen Kalendern kannst du Termine einzelner Gruppen verwalten. Gruppenmitglieder k\u00f6nnen berechtigt werden, einen Gruppenkalender zu verwalten. N\u00e4here Informationen findest du im Abschnitt <a href=\"https:\/\/churchtools.academy\/de\/help\/churchtools-module\/kalender-erstellen-verwalten\/17-wie-erstelle-ich-einen-kalender\/#4-toc-title\">Gruppenkalender<\/a> auf unserer Hilfeseite <a href=\"https:\/\/churchtools.academy\/de\/help\/churchtools-module\/kalender-erstellen-verwalten\/17-wie-erstelle-ich-einen-kalender\/\">Wie erstelle ich einen Kalender?<\/a><\/p>\n\n\n\n<aside class=\"wp-block-group ct-box ct-box-blue has-background is-vertical is-layout-flex wp-container-core-group-is-layout-002f1c27 wp-block-group-is-layout-flex\" style=\"border-radius:8px;border-left-color:#3e70ce;border-left-width:0.5rem;background-color:#f3f5f7;margin-top:var(--wp--preset--spacing--60);margin-bottom:var(--wp--preset--spacing--60)\">\n<p style=\"margin-top:0.5rem;margin-right:0.5rem;margin-bottom:0rem;margin-left:0.5rem\"><strong>Hinweis<\/strong><\/p>\n\n\n\n<p style=\"margin-top:0rem;margin-right:0.5rem;margin-bottom:0.5rem;margin-left:0.5rem\">Ein Kalendertermin erzeugt nicht automatisch ein Gruppentreffen.<\/p>\n<\/aside>\n\n\n\n<h2 class=\"wp-block-heading\">Gruppentreffen<\/h2>\n\n\n\n<p>Gruppentreffen erstellst und verwaltest du \u00fcber das <strong>Gruppenmodul<\/strong>. In der jeweiligen Gruppe kannst du unter <em>Treffen<\/em> z.\u00a0B. die Anwesenheit eintragen und Treffen abschlie\u00dfen. In unserer Academy bieten dir unsere <a href=\"https:\/\/churchtools.academy\/de\/help\/churchtools-module\/gruppentreffen\/\" data-type=\"doc_category\" data-id=\"304\">Hilfeseiten zu den Gruppentreffen<\/a> alle relevanten Informationen, besonders <a href=\"https:\/\/churchtools.academy\/de\/help\/churchtools-module\/gruppentreffen\/wie-erstelle-bearbeite-ich-ein-gruppentreffen\/\">Wie erstelle\/bearbeite ich ein Gruppentreffen?<\/a><\/p>\n\n\n\n<aside class=\"wp-block-group ct-box ct-box-blue has-background is-vertical is-layout-flex wp-container-core-group-is-layout-002f1c27 wp-block-group-is-layout-flex\" style=\"border-radius:8px;border-left-color:#3e70ce;border-left-width:0.5rem;background-color:#f3f5f7;margin-top:var(--wp--preset--spacing--60);margin-bottom:var(--wp--preset--spacing--60)\">\n<p style=\"margin-top:0.5rem;margin-right:0.5rem;margin-bottom:0rem;margin-left:0.5rem\"><strong>Hinweis<\/strong><\/p>\n\n\n\n<p style=\"margin-top:0rem;margin-right:0.5rem;margin-bottom:0.5rem;margin-left:0.5rem\">Ein Gruppentreffen erzeugt nicht automatisch einen Kalendertermin.<\/p>\n<\/aside>\n\n\n\n<h2 class=\"wp-block-heading\">Check-in<\/h2>\n\n\n\n<p>Der Check-in ist ein <strong>separates, zus\u00e4tzliches Modul f\u00fcr Gruppentreffen<\/strong>. Es bietet eine schnelle \u00dcbersicht \u00fcber die Anwesenheit bei Gruppentreffen und stellt dir verschiedene Filteroptionen zur Verf\u00fcgung, mit deren Hilfe du leicht verschiedene Kalender und Gruppen ein- und ausblenden kannst. Du kannst hier neue Gruppentreffen hinzuf\u00fcgen, auch f\u00fcr bestehende Kalendertermine.<\/p>\n\n\n\n<p>Wie du den Check-in verwalten und nutzen kannst, zeigen wir dir auf unseren Hilfeseiten rund um den <a href=\"https:\/\/churchtools.academy\/de\/help\/churchtools-module\/check-in\/\" data-type=\"doc_category\" data-id=\"234\">Check-in<\/a>.<\/p>\n\n\n\n<aside class=\"wp-block-group ct-box ct-box-blue has-background is-vertical is-layout-flex wp-container-core-group-is-layout-002f1c27 wp-block-group-is-layout-flex\" style=\"border-radius:8px;border-left-color:#3e70ce;border-left-width:0.5rem;background-color:#f3f5f7;margin-top:var(--wp--preset--spacing--60);margin-bottom:var(--wp--preset--spacing--60)\">\n<p style=\"margin-top:0.5rem;margin-right:0.5rem;margin-bottom:0rem;margin-left:0.5rem\"><strong>Hinweis<\/strong><\/p>\n\n\n\n<p style=\"margin-top:0rem;margin-right:0.5rem;margin-bottom:0.5rem;margin-left:0.5rem\">\u00dcber das Modul Check-in kannst du dir Gruppentreffen und Kalendertermine anzeigen lassen und die Anwesenheit festhalten.<\/p>\n<\/aside>\n\n\n\n<aside class=\"wp-block-group ct-artikel-zum-weiterlesen has-background is-layout-constrained wp-container-core-group-is-layout-89fd719a wp-block-group-is-layout-constrained\" style=\"border-radius:8px;background-color:#f9fafb;margin-top:24px;margin-bottom:24px;padding-top:32px;padding-right:24px;padding-bottom:32px;padding-left:24px\">\n<h2 class=\"wp-block-heading has-medium-font-size\">Artikel zum Weiterlesen<\/h2>\n\n\n\n<ul class=\"wp-block-list\">\n<li><a href=\"https:\/\/churchtools.academy\/de\/help\/churchtools-module\/check-in\/0-check-in\/\" data-type=\"docs\" data-id=\"7270\">\u00dcberblick Check-in<\/a><\/li>\n\n\n\n<li><a href=\"https:\/\/churchtools.academy\/de\/help\/churchtools-module\/check-in\/system-einstellungen-modul-check-in\/\" data-type=\"docs\" data-id=\"7450\">System-Einstellungen Modul Check-in<\/a><\/li>\n\n\n\n<li><a href=\"https:\/\/churchtools.academy\/de\/help\/churchtools-module\/check-in\/0-checkin-mit-der-app\/\" data-type=\"docs\" data-id=\"7273\">Check-in mit der App<\/a><\/li>\n\n\n\n<li><a href=\"https:\/\/churchtools.academy\/de\/help\/churchtools-module\/check-in\/0-labeldrucker-an-check-in-anbinden\/\" data-type=\"docs\" data-id=\"7393\">Labeldrucker an Check-in anbinden<\/a><\/li>\n<\/ul>\n<\/aside>\n\n\n\n<p><\/p>\n","protected":false},"excerpt":{"rendered":"<p>Um mit dem Check-in fl\u00fcssig zu arbeiten und die M\u00f6glichkeiten des Moduls voll auszusch\u00f6pfen, ist es hilfreich, die Unterschiede zwischen dem Modul Check-in, den Gruppentreffen einzelner Gruppen und den Gruppenkalendern aus dem Kalendermodul zu kennen. Diesen Unterschied erkl\u00e4ren wir dir in diesem Artikel. Gruppenkalender Gruppenkalender erstellst du im Kalendermodul. Mit diesen Kalendern kannst du Termine [&hellip;]<\/p>\n","protected":false},"author":7,"featured_media":0,"comment_status":"open","ping_status":"closed","template":"","meta":{"_acf_changed":false,"footnotes":""},"doc_category":[234],"doc_tag":[],"knowledge_base":[172],"class_list":["post-41217","docs","type-docs","status-publish","hentry","doc_category-check-in","knowledge_base-churchtools-module"],"pp_statuses_selecting_workflow":false,"pp_workflow_action":"current","pp_status_selection":"publish","acf":[],"year_month":"2026-04","word_count":222,"total_views":"914","reactions":{"happy":"0","normal":"0","sad":"0"},"author_info":{"name":"Victoria Weidemann","author_nicename":"vweidemann","author_url":"https:\/\/churchtools.academy\/de\/author\/vweidemann\/"},"doc_category_info":[{"term_name":"Check-in","term_url":"https:\/\/churchtools.academy\/de\/help\/churchtools-module\/check-in\/"}],"doc_tag_info":[],"knowledge_base_info":[{"term_name":"Module","term_url":"https:\/\/churchtools.academy\/de\/help\/churchtools-module\/","term_slug":"churchtools-module"}],"knowledge_base_slug":["churchtools-module"],"_links":{"self":[{"href":"https:\/\/churchtools.academy\/de\/wp-json\/wp\/v2\/docs\/41217","targetHints":{"allow":["GET"]}}],"collection":[{"href":"https:\/\/churchtools.academy\/de\/wp-json\/wp\/v2\/docs"}],"about":[{"href":"https:\/\/churchtools.academy\/de\/wp-json\/wp\/v2\/types\/docs"}],"author":[{"embeddable":true,"href":"https:\/\/churchtools.academy\/de\/wp-json\/wp\/v2\/users\/7"}],"replies":[{"embeddable":true,"href":"https:\/\/churchtools.academy\/de\/wp-json\/wp\/v2\/comments?post=41217"}],"version-history":[{"count":9,"href":"https:\/\/churchtools.academy\/de\/wp-json\/wp\/v2\/docs\/41217\/revisions"}],"predecessor-version":[{"id":43330,"href":"https:\/\/churchtools.academy\/de\/wp-json\/wp\/v2\/docs\/41217\/revisions\/43330"}],"wp:attachment":[{"href":"https:\/\/churchtools.academy\/de\/wp-json\/wp\/v2\/media?parent=41217"}],"wp:term":[{"taxonomy":"doc_category","embeddable":true,"href":"https:\/\/churchtools.academy\/de\/wp-json\/wp\/v2\/doc_category?post=41217"},{"taxonomy":"doc_tag","embeddable":true,"href":"https:\/\/churchtools.academy\/de\/wp-json\/wp\/v2\/doc_tag?post=41217"},{"taxonomy":"knowledge_base","embeddable":true,"href":"https:\/\/churchtools.academy\/de\/wp-json\/wp\/v2\/knowledge_base?post=41217"}],"curies":[{"name":"wp","href":"https:\/\/api.w.org\/{rel}","templated":true}]}}

<p>Um mit dem Check-in flüssig zu arbeiten und die Möglichkeiten des Moduls voll auszuschöpfen, ist es hilfreich, die Unterschiede zwischen dem Modul <strong>Check-in</strong>, den <strong>Gruppentreffen</strong> einzelner Gruppen und den <strong>Gruppenkalendern</strong> aus dem Kalendermodul zu kennen. Diesen Unterschied erklären wir dir in diesem Artikel.</p>



<h2 class="wp-block-heading">Gruppenkalender</h2>



<p>Gruppenkalender erstellst du im <strong>Kalendermodul</strong>. Mit diesen Kalendern kannst du Termine einzelner Gruppen verwalten. Gruppenmitglieder können berechtigt werden, einen Gruppenkalender zu verwalten. Nähere Informationen findest du im Abschnitt <a href="https://churchtools.academy/de/help/churchtools-module/kalender-erstellen-verwalten/17-wie-erstelle-ich-einen-kalender/#4-toc-title">Gruppenkalender</a> auf unserer Hilfeseite <a href="https://churchtools.academy/de/help/churchtools-module/kalender-erstellen-verwalten/17-wie-erstelle-ich-einen-kalender/">Wie erstelle ich einen Kalender?</a></p>



<aside class="wp-block-group ct-box ct-box-blue has-background is-vertical is-layout-flex wp-container-core-group-is-layout-002f1c27 wp-block-group-is-layout-flex" style="border-radius:8px;border-left-color:#3e70ce;border-left-width:0.5rem;background-color:#f3f5f7;margin-top:var(--wp--preset--spacing--60);margin-bottom:var(--wp--preset--spacing--60)">
<p style="margin-top:0.5rem;margin-right:0.5rem;margin-bottom:0rem;margin-left:0.5rem"><strong>Hinweis</strong></p>



<p style="margin-top:0rem;margin-right:0.5rem;margin-bottom:0.5rem;margin-left:0.5rem">Ein Kalendertermin erzeugt nicht automatisch ein Gruppentreffen.</p>
</aside>



<h2 class="wp-block-heading">Gruppentreffen</h2>



<p>Gruppentreffen erstellst und verwaltest du über das <strong>Gruppenmodul</strong>. In der jeweiligen Gruppe kannst du unter <em>Treffen</em> z. B. die Anwesenheit eintragen und Treffen abschließen. In unserer Academy bieten dir unsere <a href="https://churchtools.academy/de/help/churchtools-module/gruppentreffen/" data-type="doc_category" data-id="304">Hilfeseiten zu den Gruppentreffen</a> alle relevanten Informationen, besonders <a href="https://churchtools.academy/de/help/churchtools-module/gruppentreffen/wie-erstelle-bearbeite-ich-ein-gruppentreffen/">Wie erstelle/bearbeite ich ein Gruppentreffen?</a></p>



<aside class="wp-block-group ct-box ct-box-blue has-background is-vertical is-layout-flex wp-container-core-group-is-layout-002f1c27 wp-block-group-is-layout-flex" style="border-radius:8px;border-left-color:#3e70ce;border-left-width:0.5rem;background-color:#f3f5f7;margin-top:var(--wp--preset--spacing--60);margin-bottom:var(--wp--preset--spacing--60)">
<p style="margin-top:0.5rem;margin-right:0.5rem;margin-bottom:0rem;margin-left:0.5rem"><strong>Hinweis</strong></p>



<p style="margin-top:0rem;margin-right:0.5rem;margin-bottom:0.5rem;margin-left:0.5rem">Ein Gruppentreffen erzeugt nicht automatisch einen Kalendertermin.</p>
</aside>



<h2 class="wp-block-heading">Check-in</h2>



<p>Der Check-in ist ein <strong>separates, zusätzliches Modul für Gruppentreffen</strong>. Es bietet eine schnelle Übersicht über die Anwesenheit bei Gruppentreffen und stellt dir verschiedene Filteroptionen zur Verfügung, mit deren Hilfe du leicht verschiedene Kalender und Gruppen ein- und ausblenden kannst. Du kannst hier neue Gruppentreffen hinzufügen, auch für bestehende Kalendertermine.</p>



<p>Wie du den Check-in verwalten und nutzen kannst, zeigen wir dir auf unseren Hilfeseiten rund um den <a href="https://churchtools.academy/de/help/churchtools-module/check-in/" data-type="doc_category" data-id="234">Check-in</a>.</p>



<aside class="wp-block-group ct-box ct-box-blue has-background is-vertical is-layout-flex wp-container-core-group-is-layout-002f1c27 wp-block-group-is-layout-flex" style="border-radius:8px;border-left-color:#3e70ce;border-left-width:0.5rem;background-color:#f3f5f7;margin-top:var(--wp--preset--spacing--60);margin-bottom:var(--wp--preset--spacing--60)">
<p style="margin-top:0.5rem;margin-right:0.5rem;margin-bottom:0rem;margin-left:0.5rem"><strong>Hinweis</strong></p>



<p style="margin-top:0rem;margin-right:0.5rem;margin-bottom:0.5rem;margin-left:0.5rem">Über das Modul Check-in kannst du dir Gruppentreffen und Kalendertermine anzeigen lassen und die Anwesenheit festhalten.</p>
</aside>



<aside class="wp-block-group ct-artikel-zum-weiterlesen has-background is-layout-constrained wp-container-core-group-is-layout-89fd719a wp-block-group-is-layout-constrained" style="border-radius:8px;background-color:#f9fafb;margin-top:24px;margin-bottom:24px;padding-top:32px;padding-right:24px;padding-bottom:32px;padding-left:24px">
<h2 class="wp-block-heading has-medium-font-size">Artikel zum Weiterlesen</h2>



<ul class="wp-block-list">
<li><a href="https://churchtools.academy/de/help/churchtools-module/check-in/0-check-in/" data-type="docs" data-id="7270">Überblick Check-in</a></li>



<li><a href="https://churchtools.academy/de/help/churchtools-module/check-in/system-einstellungen-modul-check-in/" data-type="docs" data-id="7450">System-Einstellungen Modul Check-in</a></li>



<li><a href="https://churchtools.academy/de/help/churchtools-module/check-in/0-checkin-mit-der-app/" data-type="docs" data-id="7273">Check-in mit der App</a></li>



<li><a href="https://churchtools.academy/de/help/churchtools-module/check-in/0-labeldrucker-an-check-in-anbinden/" data-type="docs" data-id="7393">Labeldrucker an Check-in anbinden</a></li>
</ul>
</aside>



<p></p>

<p>Um mit dem Check-in flüssig zu arbeiten und die Möglichkeiten des Moduls voll auszuschöpfen, ist es hilfreich, die Unterschiede zwischen dem Modul Check-in, den Gruppentreffen einzelner Gruppen und den Gruppenkalendern aus dem Kalendermodul zu kennen. Diesen Unterschied erklären wir dir in diesem Artikel. Gruppenkalender Gruppenkalender erstellst du im Kalendermodul. Mit diesen Kalendern kannst du Termine [&hellip;]</p>
